*l**3 - 697*l**2 + 61*l - 936. What is v(29)?
-8
Let s(o) = 826*o + 7427. What is s(-9)?
-7
Let t(i) = 86*i - 9505. Determine t(111).
41
Let y(h) = 2*h**3 + 267*h**2 + 133*h. Calculate y(-133).
0
Let r(q) = -812*q - 13803. Give r(-17).
1
Let z(l) = 160*l - 192. Give z(1).
-32
Let z(s) = 2579*s + 23199. What is z(-9)?
-12
Let f(z) = z**3 + 21*z**2 + 87*z - 28. Determine f(-16).
-140
Let j(q) = 35*q + 375. Give j(-14).
-115
Let w(a) = a**3 - 22*a**2 + 21*a + 367. Calculate w(20).
-13
Let n(h) = 3*h**3 + 3*h**2 + 68*h - 325. What is n(4)?
187
Let o(j) = -52*j**3 + 5*j**2 + j - 6. Give o(1).
-52
Let o(i) = -10*i + 529. Give o(52).
9
Let u(i) = i**3 - 12*i**2 - 19*i + 44. What is u(14)?
170
Let u(d) = -39*d + 197. Determine u(5).
2
Let g(l) = 6*l**2 + 59*l + 51. What is g(-6)?
-87
Let z(m) = 141*m + 44. Calculate z(-3).
-379
Let m(h) = 3544*h - 414646. Calculate m(117).
2
Let u(o) = -1058*o - 20098. Give u(-19).
4
Let p(l) = l**3 - 77*l**2 + 293*l + 8. What is p(4)?
12
Let a(v) = 4369*v - 152912. Give a(35).
3
Let o(u) = -u**2 + 49*u + 210. Give o(-4).
-2
Let i(z) = -3*z**2 - 111*z - 72. Give i(-37).
-72
Let p(h) = 99*h - 3066. Calculate p(31).
3
Let d(w) = -46*w - 266. Calculate d(-5).
-36
Let n(l) = -894*l - 28619. Calculate n(-32).
-11
Let d(k) = 2*k**2 - 135*k + 1068. Give d(9).
15
Let x(u) = -u**2 + 64*u + 4468. Calculate x(-42).
16
Let f(s) = -2*s**3 - 31*s**2 - 79*s + 41. Calculate f(-4).
-11
Let i(y) = y**3 - 242*y**2 - 483*y - 1223. Determine i(244).
-3
Let j(m) = -2*m**2 + 14*m + 132. Calculate j(-6).
-24
Let y(v) = 3*v**2 - 7*v - 161. Calculate y(-9).
145
Let u(g) = g**2 + 6*g - 126. Calculate u(-13).
-35
Let w(o) = -o**2 + 98*o + 331. Calculate w(-3).
28
Let p(q) = -102*q + 2480. Give p(25).
-70
Let j(a) = -a**3 - 65*a**2 - 624*a - 345. Calculate j(-11).
-15
Let q(g) = 58*g + 699. Determine q(-13).
-55
Let t(k) = -48*k + 285. What is t(5)?
45
Let y(t) = -5*t - 16. What is y(-7)?
19
Let d(p) = 2*p**3 + 55*p**2 - 13*p - 123. Give d(-28).
-543
Let u(w) = -10*w**3 + 35*w**2 + 4*w - 9. Determine u(3).
48
Let l(i) = -i**3 + 63*i**2 + 424*i - 693. What is l(69)?
-3
Let c(l) = 2*l**3 + 88*l**2 - 2*l - 91. What is c(-44)?
-3
Let j(l) = -2*l**2 - 61*l + 49. Determine j(-33).
-116
Let c(t) = t**2 - 68*t + 937. What is c(49)?
6
Let i(q) = 25*q**3 - 5*q**2 - q + 4. Give i(2).
182
Let d(g) = 152*g - 5831. What is d(38)?
-55
Let q(w) = -2*w**3 + 33*w**2 + 19*w - 20. Determine q(17).
14
Let j(w) = -9*w**3 - 84*w**2 - 40*w - 119. Give j(-9).
-2
Let a(g) = 3*g**2 - 22*g - 98. Give a(-4).
38
Let a(d) = -3*d**2 + 67*d + 680. Determine a(-8).
-48
Let k(g) = -g**2 - 73*g + 316. Calculate k(-77).
8
Let z(p) = 512*p + 2022. Calculate z(-4).
-26
Let o(d) = -24*d - 38. What is o(9)?
-254
Let u(s) = s**3 + 75*s**2 - 5730*s - 186. What is u(47)?
2
Let o(u) = 4*u**2 - 107*u + 137. Determine o(19).
-452
Let y(w) = w**3 - 10*w**2 - 43*w + 65. Calculate y(13).
13
Let x(r) = 23*r + 69. Give x(-6).
-69
Let r(w) = -w**3 + 14*w**2 - 18*w - 41. Give r(12).
31
Let j(l) = l**3 - 8*l**2 + 16*l - 382. Calculate j(10).
-22
Let j(a) = a**3 + 46*a**2 - 92*a + 162. What is j(-48)?
-30
Let i(r) = r**2 + 683*r + 2039. Calculate i(-3).
-1
Let l(m) = m**3 + 51*m**2 + 5*m + 250. Calculate l(-51).
-5
Let z(l) = -l**2 + 50*l + 4. Give z(-5).
-271
Let v(u) = -64*u - 272. Calculate v(-5).
48
Let o(z) = -z**2 + 44*z - 106. What is o(41)?
17
Let a(c) = -14*c**2 + 55*c + 428. Give a(-7).
-643
Let w(v) = 1018*v - 1005. Calculate w(1).
13
Let n(t) = 125*t + 256. Determine n(-2).
6
Let k(y) = -y**3 + 20*y**2 - 63*y - 172. Calculate k(15).
8
Let z(g) = g**2 + 69*g - 441. Give z(-49).
-1421
Let t(n) = n**2 + 158*n + 447. Give t(-3).
-18
Let v(h) = -h**2 + 724*h + 50434. Give v(-64).
2
Let s(k) = -5*k + 440. Give s(99).
-55
Let w(y) = -893*y + 4464. Determine w(5).
-1
Let l(w) = 2*w**3 + 51*w**2 + 35*w + 48. What is l(-25)?
-202
Let p(k) = k**2 - 25*k + 123. Determine p(11).
-31
Let u(x) = -9*x - 89. What is u(-19)?
82
Let r(t) = t**2 + 97*t - 29149. Calculate r(129).
5
Let p(c) = c**2 - 12*c + 24. Calculate p(2).
4
Let g(i) = 2*i**3 - 50*i**2 + 251*i - 434. Give g(19).
3
Let m(r) = 6*r**2 - 217*r - 178. What is m(37)?
7
Let m(d) = -7*d**3 - 4*d**2 - 5*d - 2. Determine m(-1).
6
Let v(p) = 138651*p - 831904. What is v(6)?
2
Let s(c) = -c**2 - 49*c + 744. Give s(-61).
12
Let f(b) = b**2 - 13*b - 195. Calculate f(19).
-81
Let d(l) = -l**3 - 22*l**2 - 48*l + 139. What is d(-19)?
-32
Let s(p) = -13518*p + 13520. What is s(1)?
2
Let l(j) = -7*j - 134. Calculate l(-29).
69
Let i(a) = a**3 + 3*a**2 - 12*a - 4. Give i(5).
136
Let b(k) = 11*k - 110. Calculate b(13).
33
Let q(b) = -6*b**2 - 25*b - 2. Determine q(-4).
2
Let o(f) = -2*f**2 - f + 14. Calculate o(5).
-41
Let k(r) = -22*r**2 - 55*r + 45. What is k(-3)?
12
Let o(k) = 3*k**3 + k**2 - 5*k + 9. Give o(-3).
-48
Let b(w) = -w**2 - 88*w + 8. Calculate b(-88).
8
Let m(z) = -z**3 - 15*z**2 + 30*z - 40. What is m(-16)?
-264
Let l(d) = 22*d**3 + 180*d**2 + 108*d + 605. What is l(-8)?
-3
Let f(m) = -40*m - 118. Determine f(-3).
2
Let p(i) = 24*i**2 - 117*i + 115. Calculate p(1).
22
Let i(h) = -h**2 + 380*h - 20219. Determine i(64).
5
Let b(g) = 622*g - 4987. Give b(8).
-11
Let v(s) = 19*s**2 - 876*s - 48. Give v(46).
-140
Let x(y) = 30*y - 1071. Give x(21).
-441
Let z(t) = -2*t**2 - 53*t - 258. Give z(-22).
-60
Let h(x) = -2*x - 114. Determine h(-35).
-44
Let o(v) = 20*v - 63. Calculate o(13).
197
Let p(y) = 195*y - 7023. Calculate p(36).
-3
Let i(q) = q**3 - 16*q**2 + 14*q - 87. Determine i(15).
-102
Let s(y) = -y**3 + 2*y**2 + 3*y + 6. Determine s(5).
-54
Let u(t) = -t**3 - 5*t**2 + 50*t - 8. What is u(-10)?
-8
Let v(p) = -p**3 - 11*p**2 - 38*p - 31. Give v(-5).
9
Let x(v) = -42*v - 2844. Calculate x(-66).
-72
Let s(b) = -934*b + 8351. Determine s(9).
-55
Let g(s) = -145*s**2 + 8*s. Determine g(-1).
-153
Let u(q) = -28*q - 22. What is u(0)?
-22
Let b(m) = m**3 - 11*m**2 + 20*m + 43. Calculate b(5).
-7
Let k(n) = 11*n**2 - 63*n - 23. What is k(6)?
-5
Let q(s) = -122*s - 1175. What is q(-8)?
-199
Let w(c) = 2*c**3 + 196*c**2 - 7*c - 692. Calculate w(-98).
-6
Let s(k) = 1624*k + 37345. Calculate s(-23).
-7
Let p(m) = 2*m**3 - 61*m**2 + 26*m + 52. What is p(30)?
-68
Let w(z) = -478*z - 3818. Determine w(-8).
6
Let a(x) = -x**3 + 105*x**2 - 1886*x - 12. Calculate a(82).
-12
Let x(h) = h**3 - 5*h**2 + 6*h + 30. Give x(-2).
-10
Let u(j) = j**3 + 15*j**2 - 32*j - 105. What is u(-17)?
-139
Let x(c) = 4262*c - 17039. Give x(4).
9
Let j(l) = -l**2 - 88*l - 1125. Determine j(-21).
282
Let c(r) = -130*r - 2708. Determine c(-21).
22
Let n(f) = -3*f**2 - 38*f + 816. What is n(14)?
-304
Let a(j) = -16*j**2 - 7*j + 2. Give a(3).
-163
Let w(v) = v**3 - 33*v**2 - 20*v + 675. Determine w(33).
15
Let o(j) = j**2 - 65*j - 737. Calculate o(75).
13
Let y(k) = 14*k**2 - 128*k + 130. What is y(8)?
2
Let l(c) = -c**3 - 27*c**2 - 61*c - 212. What is l(-25)?
63
Let z(r) = -2*r**3 + 3*r**2 + 24*r - 27. Determine z(4).
-11
Let s(r) = 11*r - 50. Determine s(-9).
-149
Let h(r) = 2*r**3 + 173*r**2 - 718*r - 15. Calculate h(4).
9
Let b(m) = 2*m**3 - 20*m**2 + 13*m + 99. What is b(4)?
-41
Let n(u) = -13495*u - 107965. Give n(-8).
-5
Let k(x) = -x**3 + 15*x**2 + 31*x - 621. Determine k(14).
9
Let m(d) = 25*d - 420. Determine m(17).
5
Let t(d) = -162*d**2 - 465*d + 12. Give t(-3).
-51
Let w(y) = -64*y - 803. Calculate w(-26).
861
Let j(m) = -2*m**3 + 38*m**2 + 44*m + 79. Determine j(20).
159
Let a(d) = -55*d + 854. What is a(15)?
29
Let k(v) = -14*v**2 - 114*v - 24. Determine k(-8).
-8
Let b(x) = -5*x**2 - 214*x - 157. What is b(-42)?
11
Let q(f) = -f**2 - 34*f - 73. Give q(-30).
47
Let n(p) = -p**3 + 60*p**2 + 13*p - 737. Calculate n(60).
43
Let p(n) = -1775*n + 63905. Give p(36).
5
Let l(k) = -k**2 + 9*k + 403. Calculate l(25).
3
Let o(g) = -43*g + 2238. Calculate o(52).
2
Let a(q) = -48*q + 1438. Determine a(30).
-2
Let j(v) = 206*v + 24710. What is j(-120)?
-10
Let f(g) = 691*g - 6913. Calculate f(10).
-3
Let w(r) = -54*r**2 + 435*r + 12. Determine w(8).
36
Let u(q) = -q**3 - 9*q**2 + 73*q + 558. Determine u(-11).
-3
Let b(k) = k**3 + 55*k**2 + 28*k - 1406. Give b(-54).
-2
Let r(w) = w**3 + 23*w**2 + 10*w + 240. Give r(-23).
10
Let d(m) = 3*m**2 - 82*m - 72. What is d(28)?
-16
Let p(t)